?
4
What is the thousands digit of 2264?
2
What is the tens digit of 790?
9
What is the ten thousands digit of 36518?
3
What is the units digit of 7493?
3
What is the hundreds digit of 13965?
9
What is the thousands digit of 2235?
2
What is the hundreds digit of 9652?
6
What is the units digit of 1245?
5
What is the thousands digit of 1101?
1
What is the tens digit of 64130?
3
What is the thousands digit of 1125?
1
What is the tens digit of 578?
7
What is the tens digit of 18541?
4
What is the units digit of 28644?
4
What is the units digit of 113080?
0
What is the tens digit of 2022?
2
What is the tens digit of 2936?
3
What is the ten thousands digit of 16671?
1
What is the units digit of 5644?
4
What is the ten thousands digit of 23769?
2
What is the hundreds digit of 1689?
6
What is the units digit of 253?
3
What is the tens digit of 4181?
8
What is the hundreds digit of 561?
5
What is the tens digit of 3509?
0
What is the units digit of 831?
1
What is the thousands digit of 3506?
3
What is the tens digit of 897?
9
What is the thousands digit of 3507?
3
What is the units digit of 10370?
0
What is the thousands digit of 2141?
2
What is the thousands digit of 81065?
1
What is the hundreds digit of 69842?
8
What is the thousands digit of 28475?
8
What is the hundreds digit of 22437?
4
What is the ten thousands digit of 38753?
3
What is the hundreds digit of 187?
1
What is the ten thousands digit of 35533?
3
What is the tens digit of 2314?
1
What is the thousands digit of 7018?
7
What is the units digit of 82864?
4
What is the hundreds digit of 5883?
8
What is the units digit of 31318?
8
What is the hundreds digit of 31656?
6
What is the tens digit of 547?
4
What is the tens digit of 552?
5
What is the tens digit of 14935?
3
What is the tens digit of 184735?
3
What is the tens digit of 6061?
6
What is the tens digit of 695?
9
What is the hundreds digit of 40312?
3
What is the ten thousands digit of 13749?
1
What is the hundreds digit of 1228?
2
What is the units digit of 4494?
4
What is the ten thousands digit of 19128?
1
What is the thousands digit of 33351?
3
What is the hundreds digit of 118?
1
What is the units digit of 145529?
9
What is the tens digit of 3300?
0
What is the units digit of 2740?
0
What is the thousands digit of 13604?
3
What is the tens digit of 63557?
5
What is the thousands digit of 57239?
7
What is the thousands digit of 5728?
5
What is the hundreds digit of 13145?
1
What is the tens digit of 806?
0
What is the units digit of 760?
0
What is the hundreds digit of 91570?
5
What is the tens digit of 439?
3
What is the tens digit of 35007?
0
What is the hundreds digit of 1842?
8
What is the thousands digit of 9658?
9
What is the tens digit of 677?
7
What is the tens digit of 1443?
4
What is the tens digit of 28964?
6
What is the tens digit of 14333?
3
What is the thousands digit of 4622?
4
What is the ten thousands digit of 81803?
8
What is the hundreds digit of 37056?
0
What is the hundreds digit of 2439?
4
What is the tens digit of 321?
2
What is the tens digit of 90728?
2
What is the hundred thousands digit of 112403?
1
What is the thousands digit of 1931?
1
What is the tens digit of 1152?
5
What is the hundreds digit of 26277?
2
What is the hundreds digit of 1757?
7
What is the tens digit of 2749?
4
What is the tens digit of 212453?
5
What is the hundreds digit of 21519?
5
What is the tens digit of 104599?
9
What is the units digit of 67?
7
What is the hundreds digit of 7281?
2
What is the tens digit of 16126?
2
What is the thousands digit of 65042?
5
What is the thousands digit of 1752?
1
What is the tens digit of 179?
7
What is the units digit of 176?
6
What is the ten thousands digit of 18701?
1
What is the hundreds digit of 10946?
9
What is the tens digit of 454?
5
What is the thousands digit of 32899?
2
What is the tens digit of 5405?
0
What is the thousands digit of 8954?
8
What is the thousands digit of 1593?
1
What is the ten thousands digit of 10193?
1
What is the hundreds digit of 231?
2
What is the thousands digit of 6948?
6
What is the hundreds digit of 1163?
1
What is the thousands digit of 1327?
1
What is the thousands digit of 2382?
2
What is the hundreds digit of 885?
8
What is the hundreds digit of 1381?
3
What is the thousands digit of 30075?
0
What is the hundreds digit of 1240?
2
What is the thousands digit of 5221?
5
What is the tens digit of 6344?
4
What is the thousands digit of 2689?
2
What is the ten thousands digit of 21053?
2
What is the tens digit of 710?
1
What is the hundreds digit of 1165?
1
What is the thousands digit of 1971?
1
What is the units digit of 49492?
2
What is the tens digit of 696?
9
What is the ten thousands digit of 13128?
1
What is the thousands digit of 5933?
5
What is the tens digit of 2178?
7
What is the ten thousands digit of 11786?
1
What is the tens digit of 5085?
8
What is the hundreds digit of 2513?
5
What is the units digit of 3254?
4
What is the units digit of 640?
0
What is the hundreds digit of 1148?
1
What is the units digit of 60732?
2
What is the tens digit of 49582?
8
What is the thousands digit of 33644?
3
What is the hundreds digit of 22851?
8
What is the thousands digit of 1610?
1
What is the tens digit of 4927?
2
What is the ten thousands digit of 15416?
1
What is the hundreds digit of 23153?
1
What is the hundreds digit of 3893?
8
What is the tens digit of 1025?
2
What is the thousands digit of 5223?
5
What is the thousands digit of 3399?
3
What is the units digit of 3287?
7
What is the ten thousands digit of 98609?
9
What is the units digit of 13503?
3
What is the hundreds digit of 251?
2
What is the units digit of 730?
0
What is the ten thousands digit of 96444?
9
What is the units digit of 1202?
2
What is the units digit of 1613?
3
What is the units digit of 9122?
2
What is the hundreds digit of 3131?
1
What is the units digit of 1949?
9
What is the tens digit of 1550?
5
What is the units digit of 33603?
3
What is the units digit of 1748?
8
What is the units digit of 505?
5
What is the thousands digit of 3032?
3
What is the tens digit of 9827?
2
What is the tens digit of 23640?
4
What is the tens digit of 26984?
8
What is the hundreds digit of 26351?
3
What is the ten thousands digit of 19093?
1
What is the thousands digit of 3854?
3
What is the hundreds digit of 51386?
3
What is the hundreds digit of 2448?
4
What is the tens digit of 706?
0
What is the tens digit of 459?
5
What is the ten thousands digit of 16315?
1
What is the tens digit of 16833?
3
What is the units digit of 754?
4
What is the hundreds digit of 61722?
7
What is the units digit of 36385?
5
What is the thousands digit of 23631?
3
What is the tens digit of 486?
8
What is the thousands digit of 1600?
1
What is the hundreds digit of 652?
6
What is the tens digit of 662?
6
What is the tens digit of 1979?
7
What is the tens digit of 163?
6
What is the ten thousands digit of 21438?
2
What is the tens digit of 65833?
3
What is the ten thousands digit of 21070?
2
What is the units digit of 1?
1
What is the tens digit of 967?
6
What is the units digit of 750?
0
What is the units digit of 4715?
5
What is the tens digit of 17753?
5
What is the thousands digit of 31593?
1
What is the units digit of 6286?
6
What is the hundreds digit of 67965?
9
What is the hundreds digit of 1474?
4
What is the units digit of 1272?
2
What is the ten thousands digit of 38178?
3
What is the units digit of 62917?
7
What is the units digit of 313?
3
What is the units digit of 46727?
7
What is the hundreds digit of 10921?
9
What is the thousands digit of 15301?
5
What is the tens digit of 20318?
1
What is the hundreds digit of 3813?
8
What is the hundreds digit of 4228?
2
What is the units digit of 235?
5
What is the tens digit of 2702?
0
What is the tens digit of 3161?
6
What is the hundred thousands digit of 100947?
1
What is the units digit of 6312?
2
What is the hundreds digit of 351?
3
What is the hundreds digit of 12431?
4
What is the thousands digit of 14160?
4
What is the units digit of 3321?
1
What is the units digit of 400?
0
What is the tens digit of 3407?
0
What is the units digit of 16121?
1
What is the tens digit of 7979?
7
What is the units digit of 7735?
5
What is the hundreds digit of 30192?
1
W